b?
11
Suppose 2*p - 97061 = -3*d, -5*p = 3*d - 85161 - 157451. Calculate the highest common factor of 239 and p.
239
Suppose 0 = 83*x + 65*x - 176*x + 104636. Calculate the greatest common divisor of x and 101.
101
Suppose 356 = -22*p + 1082. Calculate the greatest common factor of p and 297.
33
Suppose -4*g - 5*v + 13166 = 0, 6*v - 13168 = -18*g + 14*g. What is the greatest common divisor of 91 and g?
13
Let h = -1592 + 1700. Let p be 370/2 + (0 - 5). Calculate the greatest common factor of h and p.
36
Suppose 23*g - 16*g + 14 = 0. Let u(r) = -3*r - r - 4 - 1 + 20*r**2 + r. Let m be u(g). Calculate the highest common factor of m and 9.
9
Suppose m - 1 + 16 = 3*s, 5*m + 5*s - 25 = 0. Let j be 0 - (-17)/4*(4 - m). Calculate the highest common divisor of 272 and j.
17
Let k(m) = m**3 - m**2 + 20*m - 35. Let y be k(2). Calculate the highest common divisor of 3123 and y.
9
Let a be (-112)/(-6) - (-14)/(-21). Suppose 21*u - a*u = 36. Calculate the greatest common factor of u and 28.
4
Let x(h) = 4*h**3 + 8*h**2 - 17*h + 21. Let g(u) = u**3 - 2. Let n(y) = 3*g(y) - x(y). Let i be n(-10). Calculate the greatest common divisor of i and 9.
3
Suppose 0 = -3*j - 15, 3*a - 232 = -2*j + 52. Let z = 163 - a. Let d = z - 32. Calculate the greatest common factor of d and 3.
3
Let a = -2259 + 2334. What is the highest common factor of 350 and a?
25
Suppose 0 = 7*r + 85*r - 2208. What is the greatest common divisor of r and 1776?
24
Let w(m) = 3*m**2 - 34*m - 730. Let d be w(-17). What is the greatest common factor of 4147 and d?
143
Let v(a) = -17*a - 28. Let j be v(5). Let w = j - -134. Calculate the greatest common divisor of w and 28.
7
Let l be ((-247)/(-494))/((2/1380)/1). What is the highest common divisor of 75 and l?
15
Let y be (-649)/(4/18 - (1 + (-32)/48)). Calculate the greatest common divisor of 118 and y.
59
Let m = -3694 + 5419. What is the greatest common factor of 138 and m?
69
Let m(q) = 36*q + 153. Let o be m(-4). Let a = -33 + 85. Suppose 4*i - a = 236. Calculate the highest common factor of i and o.
9
Suppose t + 11 = 4*b, 2*t - 2*b - 1 - 1 = 0. Suppose 0 = -t*m + 10, -6*k - 5*m + 413 = -257. Calculate the greatest common factor of k and 50.
10
Let j be (-6)/(-7) - (-15 + (-1710366)/147). What is the greatest common divisor of j and 61?
61
Suppose 16 = 25*u - 9*u. Let t(f) = f. Let m be t(6). Suppose -m = -2*p + 10. What is the highest common factor of u and p?
1
Suppose 0 = 4*v + 12 + 20. Let w = v + 10. Suppose -2*z - 3 + 5 = 0. Calculate the greatest common divisor of w and z.
1
Let o(f) = f**3 + 11*f + 26. Let a be o(-2). Let b be 12/18*(-114)/a. What is the greatest common factor of b and 247?
19
Suppose j - 2 + 2 = 0. Suppose j = 4*v - 4*d, -2*v + 9*d = 6*d + 3. Suppose -5*r + 9 - 3 = 4*t, v*r + 26 = 5*t. What is the highest common factor of 2 and t?
2
Let h(w) = w**2 - 20*w + 24. Let x be h(19). Suppose -x*q = 3*g - 842, -5*q - 741 - 91 = -3*g. What is the greatest common divisor of 62 and g?
31
Let j be -4*(351/78 + -5 + 0). Let f = 29 + -23. Suppose 20 = -4*z + f*z. Calculate the highest common divisor of j and z.
2
Let m be 13 + -7 - 3 - (0 + -1). Suppose m*b + 18 = 330. What is the highest common divisor of 24 and b?
6
Let n(m) = -m**2 - 4*m**2 - 1 - m**2 + m**2. Let t be n(-1). Let k be (-2 - (-40)/14)*(-378)/t. What is the greatest common divisor of 108 and k?
54
Let c be (-70366)/(-906) - (-4)/(-6). What is the greatest common factor of 819 and c?
7
Let l(z) = -z**3 - 4*z**2 - 2*z + 4. Let a be l(-4). Let i(h) = 4*h**3 + 42*h**2 - 819*h + 6. Let o be i(10). Calculate the greatest common divisor of o and a.
4
Suppose 14*a + a = 237 + 393. What is the highest common factor of a and 7014?
42
Suppose -348 = 10*i + 172. Let s be (-8)/i + 74/26. Suppose -126 = -s*x - 18. Calculate the greatest common factor of 180 and x.
36
Let u = 2055 - 1846. What is the greatest common factor of 361 and u?
19
Let d = -191 + 477. Suppose -529 = 17*b - 22*b - 3*v, 431 = 4*b + 5*v. What is the greatest common factor of b and d?
26
Let r(g) = 9*g - 54. Let h be r(8). Let w be (h/(-90))/((-1)/155). Calculate the greatest common factor of w and 31.
31
Let a be (12/(-9))/((-4)/72) + -2. Let q be 19*(-171)/6*-2. Let s be -2 - (-48)/a - q/(-33). What is the highest common divisor of 11 and s?
11
Let u = -268 - -416. Suppose -u = 22*o - 676. Let k be (-26)/(-4) - 2/4. Calculate the greatest common factor of k and o.
6
Suppose 2*l - 5*q - 1323 = 1088, 4*l + q = 4723. What is the highest common divisor of l and 175?
7
Suppose 4*w - 4*m - 26 = 38, -w - 4*m + 6 = 0. Let u = w + -7. Let j be 14/u + 71 + 2. What is the greatest common factor of 50 and j?
25
Let s be 1 - 5*(0 - 25). Let r = -607 + 649. What is the greatest common factor of s and r?
42
Let t = -14366 + 16636. Calculate the greatest common divisor of 55 and t.
5
Suppose 7 - 27 = -5*w. Let l be (4/6*-107)/(12/18). Let g = l - -123. What is the greatest common factor of g and w?
4
Let c(z) = -z**2 - 7*z + 46. Let a be c(4). Let x be 49/((-245)/(-90)) - -1*a. Let f be 2/4 + (-478)/(-4). Calculate the highest common divisor of f and x.
20
Let o = -545 - -806. Let m be (7/(-21))/((-3)/o). Calculate the greatest common factor of 116 and m.
29
Let h(o) = 4*o**3 - 11*o**2 + 28*o - 224. Let k be h(7). Calculate the greatest common factor of k and 391.
23
Suppose -677*t + 679*t - 164 = 0. Calculate the highest common divisor of 4182 and t.
82
Suppose -41 = 4*g - 645. Suppose g*m + 12 = 153*m. Calculate the highest common divisor of 21 and m.
3
Let s(d) = -5*d**2 - 15*d + 8. Let c be s(-12). Let b = c + 543. Calculate the highest common factor of b and 1.
1
Let q(w) = -1053*w + 1197. Let l be q(1). Calculate the greatest common divisor of l and 33984.
144
Suppose -2*p - 6*c = -4266, 44 - 44 = 4*c. What is the highest common divisor of 513 and p?
27
Let t be 8/48 - (-143)/6. Suppose -t*x = -0*x - 8856. Calculate the highest common divisor of 9 and x.
9
Let i(k) = -k**3 + 139*k**2 + 539*k + 3. Let v be i(-4). What is the highest common factor of 195 and v?
15
Let a = -29900 - -29904. What is the greatest common factor of a and 4188?
4
Let k be ((-320)/25 - -12)/(2/(-180)). Let y be (60/(-25))/(15/(-50)). What is the highest common divisor of y and k?
8
Suppose -3*p + 2*p - 4*p = 0. Let c(d) = -5*d + 63. Let l be c(p). Let s = 64 - l. What is the highest common divisor of s and 3?
1
Let c be (-2)/(-3)*(-2190)/20. Let a = -23 - c. What is the greatest common factor of 25 and a?
25
Let w be -15*(-9 - 34/(-5)). Suppose -10 = -c - 8. Suppose -222 - 240 = -c*t. What is the highest common divisor of w and t?
33
Let s be (75/(-2))/((-18)/108). Suppose -4*u + s = -3*o, -3*u - u = -5*o - 231. Calculate the greatest common divisor of u and 81.
27
Let a(c) = -c**2 + 47*c - 336. Let b be a(9). Let f(l) = -2*l**3 + 2*l**2 + 7*l + 5. Let v be f(-5). What is the highest common divisor of b and v?
6
Let n = -339 - 23. Let z(d) = 8*d**2 + 5*d - 10. Let r be z(8). Let p = n + r. What is the greatest common factor of p and 36?
36
Let a be ((-39)/9 + 5)*27/6. Suppose 42*t - 41*t = 0, a*t - 60 = -3*c. Calculate the greatest common divisor of 320 and c.
20
Suppose -2*q = -3*z + 60, -5*z + 162 - 62 = -4*q. Let a = -702 + 702. Suppose 26*s + 20*s - 368 = a. Calculate the greatest common divisor of s and z.
4
Suppose 23*s + 4*s - 10 = 476. Calculate the highest common factor of s and 9.
9
Let n = 71 - 64. Suppose -w - n*w = -16. Let q(o) = o**3 - 8*o**2 + 3*o - 2. Let p be q(8). Calculate the highest common divisor of w and p.
2
Suppose 10*h = -88 - 92. Let q be -5 - ((-14131)/117 - (-4)/h). Calculate the highest common divisor of 29 and q.
29
Suppose 6*p - 8 = 4*p. Suppose 6*q - p*q = 296. Suppose 2*d + 3*s - 60 = 0, -5*s - q = -4*d - 4*s. Calculate the greatest common divisor of 36 and d.
36
Suppose -4*r - 1620 = -16*r. Suppose 2*t = -t - r. Let b = t + 47. What is the highest common factor of 2 and b?
2
Let n(i) = -i**3 + 15*i**2 + 20 + 249*i - 127*i - 135*i. Let k be n(14). Calculate the highest common factor of k and 17.
17
Suppose -3*d + 10171 = 4*j, -2*d - 2*d = 5*j - 13563. Suppose -5*c + d - 1317 = 0. What is the highest common factor of c and 96?
32
Let v = -28 + 43. Suppose -12*o + 78 = -6*o. Suppose 2*d = o*d - 330. Wh